{"id":405,"date":"2017-09-04T15:41:04","date_gmt":"2017-09-04T14:41:04","guid":{"rendered":"https:\/\/cvl2017.wordpress.com\/?page_id=405"},"modified":"2018-11-23T16:23:54","modified_gmt":"2018-11-23T15:23:54","slug":"liens-utiles","status":"publish","type":"page","link":"https:\/\/cvl.ovh\/index.php\/section-cyclo\/liens-utiles\/","title":{"rendered":"liens cyclo"},"content":{"rendered":"<p class=\"Style11\" align=\"center\"><u><strong>Constructeurs : <\/strong><\/u><\/p>\n<blockquote><p><a href=\"http:\/\/www.2rouesfrance.com\/constructeurs-cycles.php\" target=\"_blank\" rel=\"noopener\">http:\/\/www.2rouesfrance.com\/constructeurs-cycles.php<\/a> : <strong>L&rsquo;annuaire des fabricants de 2 roues et accessoires<\/strong><\/p><\/blockquote>\n<p>&nbsp;<\/p>\n<p class=\"Style11\" align=\"center\"><u><strong>Sites commerciaux :<\/strong><\/u><\/p>\n<blockquote>\n<p class=\"Style14\">Suite \u00e0 d\u00e9cision du bureau, nous ne mentionnons aucun lien vers des sites de vente de cycles et accessoires.<\/p>\n<\/blockquote>\n<p class=\"Style11\" align=\"center\"><u><strong>F\u00e9d\u00e9rations :<\/strong><\/u><\/p>\n<blockquote><p><a href=\"http:\/\/www.jeunesse-sports.gouv.fr\/\" target=\"_blank\" rel=\"noopener\">http:\/\/www.jeunesse-sports.gouv.fr\/<\/a> <strong>Site du Minist\u00e8re de la jeunesse, des Sports et de la Vie Associative<\/strong><br \/>\n<a href=\"http:\/\/www.drdjs-pays-de-la-loire.jeunesse-sports.gouv.fr\/welcome\/index.php\" target=\"_blank\" rel=\"noopener\">http:\/\/www.drdjs-pays-de-la-loire.jeunesse-sports.gouv.fr\/welcome\/index.php<\/a><strong> &#8212;Direction R\u00e9gionale de la Jeunesse et des sport des Pays de la Loire <\/strong><br \/>\n<a href=\"http:\/\/www.ffct.org\/\" target=\"_blank\" rel=\"noopener\">http:\/\/www.ffct.org\/<\/a> <strong>FFCT <\/strong><br \/>\n<a href=\"http:\/\/paysdelaloire.ffct.org\/\" target=\"_blank\" rel=\"noopener\">http:\/\/paysdelaloire.ffct.org\/<\/a><strong>&#8212;- FFCT Ligue des Pays de la Loire<\/strong><br \/>\n<a href=\"http:\/\/loire-atlantique.ffct.org\/\" target=\"_blank\" rel=\"noopener\">http:\/\/loire-atlantique.ffct.org\/<\/a> &#8212; <strong>FFCT &#8211; CODEP 44 ( Comit\u00e9 D\u00e9partemental )<\/strong><\/p><\/blockquote>\n<p>&nbsp;<\/p>\n<p class=\"Style11\" align=\"center\"><u><strong>Sites g\u00e9n\u00e9ralistes : <\/strong><\/u><\/p>\n<blockquote><p><a href=\"http:\/\/www.velo101.com\/\" target=\"_blank\" rel=\"noopener\">http:\/\/www.velo101.com\/<\/a> <strong>V\u00e9lo 101, est le site Officiel du V\u00e9lo : Route, VTT, Elites, Piste, Cyclo Cross, cyclo Sport, infos diverses<\/strong><br \/>\n<a href=\"http:\/\/www.tousavelo.com\/\" target=\"_blank\" rel=\"noopener\">http:\/\/www.tousavelo.com\/ <\/a><strong>Tous \u00e0 V\u00e9lo<\/strong><strong>, est le site de r\u00e9f\u00e9rence du Cycle, d\u00e9di\u00e9 \u00e0 la promotion de l&rsquo;usage du cycle en France.<\/strong><br \/>\n<a href=\"http:\/\/fubicy.org\/\" target=\"_blank\" rel=\"noopener\">http:\/\/fubicy.org\/<\/a> <strong>FUBicy est le site de la F\u00e9d\u00e9ration des Usagers de la Bicyclette<\/strong><\/p><\/blockquote>\n<p>&nbsp;<\/p>\n<p class=\"Style11\" align=\"center\"><u><strong>Sport :<\/strong><\/u><\/p>\n<blockquote><p><a href=\"http:\/\/www.letour.fr\/index.html\" target=\"_blank\" rel=\"noopener\">http:\/\/www.letour.fr\/index.html<\/a> <strong>&#8212;Le Tour de France<\/strong><br \/>\n<a href=\"http:\/\/www.cholet-pdl.com\/content\/view\/145\/178\/\" target=\"_blank\" rel=\"noopener\">http:\/\/www.cholet-pdl.com\/content\/view\/145\/178\/<\/a> : <strong>Cholet Pays de Loire<\/strong><br \/>\n<strong><a href=\"http:\/\/pagesperso-orange.fr\/tourdelasarthe.ccv\/tourdelasarthe.html\" target=\"_blank\" rel=\"noopener\">http:\/\/pagesperso-orange.fr\/tourdelasarthe.ccv\/tourdelasarthe.html<\/a> : Tour de la Sarthe Cyclotouriste<\/strong><br \/>\n<a href=\"http:\/\/www.grandprix-plouay.com\/\" target=\"_blank\" rel=\"noopener\">http:\/\/www.grandprix-plouay.com\/<\/a>:<strong>Plouay<\/strong><br \/>\n<a href=\"http:\/\/www.mecacote.com\/\" target=\"_blank\" rel=\"noopener\">http:\/\/www.mecacote.com\/<\/a> <strong>site avec articles sur \u00e9tudes posturales et pathologies du cycliste<\/strong><\/p><\/blockquote>\n<p>&nbsp;<\/p>\n<p align=\"center\"><u><span class=\"Style11\"><strong>Tourisme :<\/strong><\/span><\/u><\/p>\n<blockquote><p><a href=\"http:\/\/www.tourisme.gouv.fr\/fr\/home.jsp\" target=\"_blank\" rel=\"noopener\">http:\/\/www.tourisme.gouv.fr\/fr\/home.jsp<\/a><strong> Site du Minist\u00e8re D\u00e9l\u00e9gu\u00e9 au Tourisme<\/strong><br \/>\n<a href=\"http:\/\/www.chateauxavelo.com\/index1024.htm\" target=\"_blank\" rel=\"noopener\">http:\/\/www.chateauxavelo.com\/index1024.htm<\/a> <strong>Chateau \u00e0 V\u00e9lo<\/strong><br \/>\n<strong>La douceur de vivre en Val de Loire,voil\u00e0 ce que nous vous offrons le temps d&rsquo;un s\u00e9jour sur le territoire du Pays des Ch\u00e2teaux !<\/strong> <strong><br \/>\n<\/strong><br \/>\n<a href=\"http:\/\/www.aevv-egwa.org\/site\/hp.asp\" target=\"_blank\" rel=\"noopener\">http:\/\/www.aevv-egwa.org\/site\/hp.asp<\/a> <strong>L&rsquo;Association Europ\u00e9enne des Voies Vertes<\/strong>,<br \/>\n<strong>Pr\u00e9servation des infrastructures telles que les voies de chemin de fer d\u00e9saffect\u00e9es, les chemins de halage et les itin\u00e9raires culturels (chauss\u00e9es romaines, routes de p\u00e8lerinage,&#8230;) afin d&rsquo;y d\u00e9velopper des voiries autonomes r\u00e9serv\u00e9es au trafic non-motoris\u00e9<br \/>\n<\/strong><br \/>\n<a href=\"http:\/\/www.af3v.org\/\" target=\"_blank\" rel=\"noopener\">http:\/\/www.af3v.org\/ AF3V<\/a> <strong>&#8211; Association Fran\u00e7aise de d\u00e9veloppement des v\u00e9loroutes et Voies Vertes<\/strong><strong><br \/>\n<\/strong><br \/>\n<a href=\"http:\/\/www.villes-cyclables.org\/\" target=\"_blank\" rel=\"noopener\">http:\/\/www.villes-cyclables.org\/<\/a> <strong>Villes Cyclables est le site du Club des Villes Cyclables<\/strong><br \/>\n<a href=\"http:\/\/www.departements-cyclables.org\/\" target=\"_blank\" rel=\"noopener\">http:\/\/www.departements-cyclables.org\/<\/a> <strong>A D C est le site de l&rsquo;Association des D\u00e9partements Cyclables<\/strong><br \/>\n<a href=\"http:\/\/www.valinfo.org\/\" target=\"_blank\" rel=\"noopener\">http:\/\/www.valinfo.org\/<\/a> <strong>Valinfo Calendrier et Annuaire de la Vie Associative Locale<\/strong><\/p><\/blockquote>\n","protected":false},"excerpt":{"rendered":"<p>Constructeurs : http:\/\/www.2rouesfrance.com\/constructeurs-cycles.php : L&rsquo;annuaire des fabricants de 2 roues et accessoires &nbsp; Sites commerciaux : Suite \u00e0 d\u00e9cision du bureau, nous ne mentionnons aucun lien vers des sites de vente de cycles et accessoires. F\u00e9d\u00e9rations : http:\/\/www.jeunesse-sports.gouv.fr\/ Site du Minist\u00e8re de la jeunesse, des Sports et de la Vie Associative http:\/\/www.drdjs-pays-de-la-loire.jeunesse-sports.gouv.fr\/welcome\/index.php &#8212;Direction R\u00e9gionale de &hellip; <a href=\"https:\/\/cvl.ovh\/index.php\/section-cyclo\/liens-utiles\/\" class=\"more-link\">Continuer de lire <span class=\"screen-reader-text\">liens cyclo<\/span><\/a><\/p>\n","protected":false},"author":1,"featured_media":0,"parent":380,"menu_order":0,"comment_status":"closed","ping_status":"closed","template":"","meta":{"_bbp_topic_count":0,"_bbp_reply_count":0,"_bbp_total_topic_count":0,"_bbp_total_reply_count":0,"_bbp_voice_count":0,"_bbp_anonymous_reply_count":0,"_bbp_topic_count_hidden":0,"_bbp_reply_count_hidden":0,"_bbp_forum_subforum_count":0,"footnotes":""},"class_list":["post-405","page","type-page","status-publish","hentry"],"_links":{"self":[{"href":"https:\/\/cvl.ovh\/index.php\/wp-json\/wp\/v2\/pages\/405","targetHints":{"allow":["GET"]}}],"collection":[{"href":"https:\/\/cvl.ovh\/index.php\/wp-json\/wp\/v2\/pages"}],"about":[{"href":"https:\/\/cvl.ovh\/index.php\/wp-json\/wp\/v2\/types\/page"}],"author":[{"embeddable":true,"href":"https:\/\/cvl.ovh\/index.php\/wp-json\/wp\/v2\/users\/1"}],"replies":[{"embeddable":true,"href":"https:\/\/cvl.ovh\/index.php\/wp-json\/wp\/v2\/comments?post=405"}],"version-history":[{"count":1,"href":"https:\/\/cvl.ovh\/index.php\/wp-json\/wp\/v2\/pages\/405\/revisions"}],"predecessor-version":[{"id":981,"href":"https:\/\/cvl.ovh\/index.php\/wp-json\/wp\/v2\/pages\/405\/revisions\/981"}],"up":[{"embeddable":true,"href":"https:\/\/cvl.ovh\/index.php\/wp-json\/wp\/v2\/pages\/380"}],"wp:attachment":[{"href":"https:\/\/cvl.ovh\/index.php\/wp-json\/wp\/v2\/media?parent=405"}],"curies":[{"name":"wp","href":"https:\/\/api.w.org\/{rel}","templated":true}]}}